8*o + 2 + 7*o - 6*o. What is a(b)?
-16
Suppose 0 = 5*h + 327 + 173. Let i be (-40)/h + 7/(-5). Let y(m) be the third derivative of -5*m**4/6 + 21*m**2. What is y(i)?
20
Let r(i) = i**2 + 5*i - 20. Suppose -19*y - 150 = 21. What is r(y)?
16
Let c(p) = p**2 - 9*p + 3. Let y(h) = -3*h**2 + 6 - 17 + 8 + 56*h - 18 - 33*h. Let w be y(6). Give c(w).
3
Let o(i) = -1. Let f(r) = -r**2 + 2*r + 1. Let u(p) = 10*p**2 - 20*p - 8. Let a(l) = 12*f(l) + u(l). Let c(s) = a(s) + 2*o(s). Determine c(5).
-28
Let z(n) = -n**2 - 3*n + 106. Suppose -3*g + 3*j - 21 = 0, -2*j = -107*g + 103*g - 38. Give z(g).
-2
Let g(o) = -o**2 + 8*o - 8. Let c be (42 + -41)/((-576)/578 + 1). Suppose -c + 268 = -3*f. Calculate g(f).
-1
Let t(p) = 5*p**3 + 116*p**2 + 27*p + 86. Let b be t(-23). Let g(w) = w**3 + 6*w**2 - 5*w + 6. Give g(b).
36
Let l(a) = -2*a**2 - 24*a + 12. Let n = 10578 - 10590. Give l(n).
12
Let b(q) = q**2 + 7*q - 3. Suppose -36*c + 975 = -177. Let u = 2 + 2. Suppose -2*f = -u*w - 8, -5*f + 3*w - 6*w = c. What is b(f)?
-15
Let f be (9/27)/((-1)/(-6)). Let p(x) = -23*x**2 + x**3 + 7*x + 5 + 8*x**2 + 7*x**f. Let d(m) = 3*m**2 + 7*m + 1. Let g be d(-3). What is p(g)?
5
Let g be 19 + -27 + 29 + -1. Let v(i) be the second derivative of g*i - 5/12*i**4 + 3/2*i**3 - 1/20*i**5 + 0 + 1/2*i**2. What is v(-6)?
-17
Let a(w) = -14*w**3 - 55*w**2 - 65*w + 73. Let r(u) = -8*u**3 - 27*u**2 - 34*u + 37. Let s(p) = 3*a(p) - 5*r(p). What is s(-14)?
-8
Let t(l) be the first derivative of -l**4/4 - 3*l**3 - l**2 - 22*l + 5200. Determine t(-9).
-4
Suppose 0 = -p - l + 5, -6*p = -7*p - 3*l + 9. Suppose 3*k - p*d + 40 = 13, -2*d = 4*k + 24. Let z(m) = -m**2 - 9*m - 8. Calculate z(k).
6
Let y(c) be the first derivative of -7*c**3/3 - c**2/2 - 13*c + 8407. Calculate y(0).
-13
Let x(c) = -5*c + 41. Let g(m) = 21*m - 176. Let b(w) = 4*g(w) + 17*x(w). What is b(2)?
-9
Let d(r) = -1429 - 4503 + 5*r + 5926. Let f = -9 - -14. What is d(f)?
19
Let g(b) = 7*b + 256. Let h = 44853 + -44890. Give g(h).
-3
Let w(j) = -24*j - 14. Let v(b) = 5*b + 3. Let u(o) = 14*v(o) + 3*w(o). Suppose 0 = -2*s + 5*m - 9, -3 - 3 = -s - m. Suppose 1 = s*q + 16. Give u(q).
10
Let z = -52 - -50. Let p(d) = d + 8. Let o be p(z). Let f be ((-1)/2)/(o - (-415)/(-70)). Let y(m) = m - 2. Give y(f).
-9
Let f(x) = -2*x - 30 - 8*x - 2*x + 19*x - 9*x + x**2. Give f(9).
33
Let j(v) = 5*v**2 + 5*v + 8. Let a(z) = -z**2 - 1. Let n(d) = 4*a(d) + j(d). Suppose -121*q - 3990 = 823*q - 146*q. Give n(q).
4
Let n be (0 + (-32)/(-24))/((-2)/(-3)). Let s be -4 - ((1 - n/(-2)) + -1). Let k(q) = 7*q - 23. Let m(w) = -4*w + 12. Let r(j) = s*m(j) - 3*k(j). What is r(9)?
0
Let m be (40/(-6))/(-3*8/36). Let a(i) = -i + 13. Let g be a(m). Let t(x) = 2 + 7*x - 1 + 0*x + x**g - 4 - 7*x**2. What is t(6)?
3
Let p(w) be the first derivative of -3*w**2 - 15*w + 6836. Determine p(0).
-15
Suppose 118*d - 5271 = 115*d. Let q(a) = 1757 - 2*a - a - d. Let m(o) = -o**3 - 6*o**2 - 5*o - 3. Let t be m(-5). What is q(t)?
9
Let s(n) = 123*n + 237. Suppose -4*d - 3*y = 20, -5*d + 5*y = -9*d - 28. Determine s(d).
-9
Let g(i) = 10*i**3 - i - 1. Suppose 4*a + 40 = 3*j, 0 = 2*a + 2*a - 4*j + 44. Let t(q) = -q**3 - 11*q**2 - 29*q - 8. Let s be t(a). Determine g(s).
-10
Let r(a) = -a - 40. Let y(n) = 7. Let f(x) = -r(x) - 6*y(x). What is f(-4)?
-6
Let d(r) be the first derivative of 1/4*r**4 + 7 + 1/2*r**2 + 2*r + 1/3*r**3. Suppose 4*t + 8 = -0*t, -4*i + 12 = -2*t. Determine d(i).
16
Let j(q) = 7*q**2 + 51*q + 16. Let m be -10 + 5 - -3 - 5. Let i be j(m). Let d(c) = c**3 - 2*c**2 + 3*c - 3. Calculate d(i).
3
Let w(m) be the first derivative of -3*m**4/4 + 26*m**3/3 + 9*m**2/2 + 9*m - 1763. Give w(9).
9
Let r = 98 - 93. Let p(q) = -q - r - 3 + 8. What is p(4)?
-4
Suppose -730*p + 687*p = 0. Let s(z) be the second derivative of -23*z + p + 1/6*z**3 + 1/12*z**4 + 0*z**2. Give s(3).
12
Let p(o) be the first derivative of -o**4/4 - 5*o**3 - 17*o**2 + 26*o + 530. Determine p(-12).
2
Let s be -2 - 1/(60/32 - 2). Let d(t) = -t**3 + 3*t**2 + 3*t - 3. Calculate d(s).
-93
Suppose -2 = -13*d + 12*d. Suppose 3*h = d*h. Suppose -3*i + 8*i + 5 = h. Let p(l) = 5*l**3 + 2*l**2 + 2*l + 1. Determine p(i).
-4
Let w be 116998/147 - (-16)/168. Let x = -790 + w. Let y(z) = z**3 - 6*z**2 - 1. What is y(x)?
-1
Let l(c) = 42*c + 46. Suppose 0 = -286*p + 310*p + 24. Give l(p).
4
Let y(m) = -5*m**2 + 0*m**3 - 10606*m + 10606*m + 0*m**3 + m**3 - 4. Let a(p) = -4*p**3 - p**2 - 2*p - 1. Let o be a(-1). Determine y(o).
-20
Let b(t) = 19*t**2 + 667*t + 62. Let q be b(-35). Let y(w) = 2*w**3 + 16*w**2 + 4*w + 19. Determine y(q).
-13
Let h(y) = -y**2 + 8*y - 2. Let z(b) = 27 + 20 - 4*b + 3*b - 22. Let d be z(17). Calculate h(d).
-2
Let x(g) be the second derivative of -g**5/20 - 11*g**4/12 - 3*g**3/2 + 19*g**2/2 + 795*g. What is x(-10)?
9
Let c(s) = 19*s**3 + 2*s**2 + s - 1. Let n be c(1). Suppose 9*j - 465 = n. Let f be 3*1*3*(-12)/j. Let w(d) = -d**2 - 4*d - 1. What is w(f)?
3
Let w = -4173 - -4177. Let d(b) = b**2 - 7*b + 7. What is d(w)?
-5
Let b(o) = -22 + 12 + 3*o**2 - o**2 - 1 + 4 - 4*o**3 + 4*o. Calculate b(3).
-85
Let r(o) = -o**2 - 17*o - 3. Let p be r(-17). Let y be (-7)/(14/18) - p. Let f(z) be the second derivative of -z**5/20 - z**4/2 - 4*z**2 + z. Calculate f(y).
-8
Let y(f) be the first derivative of 5*f**5/24 + 2*f**3/3 + 45*f**2/2 - 47. Let i(c) be the third derivative of y(c). Give i(-1).
-25
Let b(v) = -5*v**3 + 10*v**2 + 10*v - 2. Let k(n) = n**3 - n**2 - 2*n. Let r(m) = b(m) + 6*k(m). Let h be (-5)/(-15)*(-3 + 0) + 3. Calculate r(h).
18
Let v(b) = -3*b - 3. Let o be v(-3). Suppose -7*i + 5 = -o*i. Let p(l) = 8*l - i*l - 4*l - 1 - 4*l**2. Determine p(-1).
-4
Let m(t) = -t**2 + 8*t - 9. Suppose 0 = 5*y - 40, -2220*c = -2216*c - 5*y + 28. Calculate m(c).
6
Let w(g) = g**3 - 5*g**2 + 3*g - 1. Let s be -259*2/(-7) - 11. Suppose 0 = -4*r - 2*f - 2*f - 240, -3*f = 5*r + 298. Let d = s + r. Give w(d).
-5
Let p(b) = -b**2 - 7*b + 2. Suppose -r = d - 4, 8 = -4*r - d + 21. What is p(r)?
-28
Let q(j) = -j**3 + 5*j**2 + 7*j - 1. Let k = 184 + -169. Suppose -k = -u + 3*r, -4*u - 5*r + 22 = 13. What is q(u)?
5
Let a(f) be the second derivative of f**3/6 + 5*f**2/2 + 3*f + 575. Let m be -8 + ((-4)/2 - -2). Calculate a(m).
-3
Let y(h) be the second derivative of -h**3/6 + 2*h**2 + 137*h. Let k = 15 + 6. Let q = -15 + k. Calculate y(q).
-2
Let a(t) = t + 17. Let i = 148 + -49. Suppose -50*u - 751 = i. Give a(u).
0
Let u be (25/(-15))/((-1)/12*-2). Let l = 4 + u. Let f(d) = -14*d - 6. Let g(i) = 5*i + 2. Let h(z) = 4*f(z) + 11*g(z). Give h(l).
4
Suppose -17 = 5*z + 4*d - 8, 30 = -5*d. Let t(g) = -3*g + 4. What is t(z)?
-5
Suppose 2*n - 114 = 5*b, b = -2*b + 5*n - 76. Let p(j) = 4*j + 5. Let f(z) = -15*z - 19. Let o(x) = b*p(x) - 6*f(x). Let d = -153 + 149. What is o(d)?
-4
Let f(i) be the second derivative of 2*i**3/3 - 22*i**2 + 7929*i. Give f(19).
32
Let n(f) be the first derivative of -3*f**4/4 + 2*f + 2. Let a(x) = -x**3 - 57*x**2 + 107*x - 647. Let j be a(-59). What is n(j)?
-22
Let u(p) = -1 + 2*p**2 - 8*p + 11*p**2 - 8*p**2 - 6*p**2. Let d = -1 - -1. Let v(o) = -o - 7. Let h be v(d). Give u(h).
6
Let d be 75/(-125) - (-1)/5 - (-4)/10. Let z(t) be the third derivative of t**2 - 1/12*t**4 + 0 + d*t**3 + 0*t. What is z(3)?
-6
Let h(g) = g**2 - 22*g + 10. Let x be h(24). Let u(t) = -59 - x + 104 - t**2 + 12*t. What is u(9)?
14
Suppose 55 = 7*l - 6*l. Let p be (l/(-15) - -4) + 77/3. Let k(b) = p - 3*b - 38 + 4*b. Calculate k(10).
-2
Let c(v) be the first derivative of 13*v**2/2 - 42*v + 10911. Calculate c(10).
88
Suppose 7*i + 8*w = 12*i + 9*w, 2*w = 4*i. Let l(y) be the third derivative of -1/4*y**4 + i + 0*y - 16*y**2 - 1/3*y**3. Calculate l(-3).
16
Let i(g) = g**3 - 6*g**2 + 3*g + 4. Let b = -73 + 109. Suppose -r = -4*m - 5*r + 80, m + 5*r - b = 0. Suppose 5*o - m - 4 = 0. What is i(o)?
-16
Suppose -21*z - 479 - 5 = 23*z. Let g(h) be the second derivative of 5*h**3/6 + 55*h**2/2 - 12*h. Determine g(z).
0
Let x(m) = -10*m**2 - 29*m - 353. Let b(o) = o**2 - o + 10. Let k(v) = -9*b(v) - x(v). Give k(-28).
-17
Let n(x) be the third derivative of 4/3*x**3 + 0 + 7*x**2 + 0*x + 1/24*x**5 + 1/360*x**6 - 1/4*x**4. Let o(s) be the first derivative of n(s). Determine o(-6).
0
Let q(p) = p**2 - 5*p - 2.